41080 and 84255?
615
What is the greatest common factor of 12618034 and 494?
26
What is the highest common factor of 637445 and 167693?
529
Calculate the greatest common divisor of 86 and 19679896.
86
Calculate the highest common factor of 28 and 7568582.
14
What is the greatest common factor of 29448705 and 143?
143
What is the highest common factor of 1246267 and 76?
19
Calculate the highest common factor of 78027 and 825576.
2517
Calculate the greatest common divisor of 237769743 and 233.
233
Calculate the greatest common divisor of 5065 and 8360.
5
Calculate the highest common factor of 105 and 50822079.
21
What is the highest common factor of 624 and 32756464?
208
What is the greatest common divisor of 18117 and 72041?
61
What is the greatest common divisor of 347 and 54369001?
347
Calculate the greatest common divisor of 1030 and 1461230.
10
Calculate the highest common divisor of 698512 and 41422.
298
Calculate the highest common factor of 722528 and 329104.
1072
Calculate the highest common divisor of 29937397 and 1098.
61
What is the greatest common factor of 441 and 7168014?
441
Calculate the highest common factor of 2802824 and 1184.
296
Calculate the greatest common factor of 922233734 and 362.
362
Calculate the greatest common divisor of 250 and 1160050.
50
Calculate the greatest common factor of 2224 and 172117584.
2224
What is the greatest common divisor of 10128 and 42576?
48
What is the greatest common divisor of 55651 and 1247?
29
What is the greatest common divisor of 41357990 and 3260?
1630
What is the highest common divisor of 189 and 5572980?
63
Calculate the greatest common divisor of 48 and 4676064.
48
What is the greatest common factor of 49530 and 69723?
381
What is the highest common factor of 2866530 and 15040?
470
What is the highest common divisor of 12 and 98670216?
12
What is the highest common divisor of 22348260 and 1584?
396
Calculate the greatest common divisor of 187578 and 33984.
18
What is the greatest common divisor of 48 and 400880712?
24
What is the greatest common factor of 4646172 and 72?
12
What is the highest common divisor of 1422 and 27943011?
711
Calculate the highest common divisor of 106785 and 97335.
945
What is the highest common divisor of 35 and 4820312?
7
Calculate the highest common factor of 3486 and 1352226.
6
Calculate the highest common factor of 29645 and 8347185.
4235
What is the highest common factor of 11188863 and 189?
63
What is the greatest common factor of 89529418 and 2442?
814
What is the greatest common divisor of 31683762 and 693?
99
Calculate the greatest common divisor of 3854 and 8535764.
94
What is the highest common factor of 47444985 and 70?
35
Calculate the highest common factor of 643721472 and 1512.
216
What is the greatest common divisor of 4320 and 413053440?
480
Calculate the highest common divisor of 34691 and 24973.
113
Calculate the greatest common divisor of 65794766 and 92.
46
Calculate the highest common divisor of 28520 and 9009560.
920
Calculate the highest common factor of 132 and 267509.
11
Calculate the greatest common divisor of 72964 and 1688641.
29
What is the highest common divisor of 9784 and 1225446?
2446
Calculate the greatest common divisor of 66 and 28174773.
33
What is the greatest common factor of 5658842 and 1988?
994
Calculate the greatest common factor of 1023 and 127578.
33
What is the highest common divisor of 48839954 and 1086?
362
What is the highest common factor of 10437240 and 473880?
1320
What is the greatest common divisor of 3524548 and 6925?
277
What is the greatest common factor of 5983613 and 11419?
19
What is the highest common divisor of 219 and 9944206?
73
What is the greatest common factor of 342 and 96929982?
342
Calculate the greatest common divisor of 218448 and 39960.
2664
Calculate the greatest common divisor of 624 and 1048207368.
312
Calculate the greatest common divisor of 19129890 and 543.
543
What is the highest common divisor of 1573 and 18616?
13
What is the greatest common divisor of 3274950 and 450?
150
What is the highest common divisor of 7154 and 9051708?
146
Calculate the highest common divisor of 241913088 and 78.
6
What is the greatest common factor of 156 and 2296485594?
78
Calculate the highest common divisor of 18057897 and 38610.
3861
What is the greatest common divisor of 48355 and 4101815?
95
What is the highest common factor of 2955 and 35284670?
985
Calculate the greatest common factor of 877608 and 55448.
1912
What is the greatest common divisor of 181985 and 276301?
17
Calculate the highest common divisor of 26949612 and 284.
284
What is the greatest common divisor of 14389287 and 271?
271
What is the highest common divisor of 304 and 272113592?
152
What is the highest common factor of 3864 and 3354757?
161
What is the greatest common divisor of 3500 and 178950?
50
What is the greatest common factor of 8463525 and 3525?
3525
Calculate the greatest common factor of 92 and 6964.
4
Calculate the greatest common divisor of 13581 and 2467718.
503
What is the highest common factor of 3140 and 2707936?
628
What is the greatest common divisor of 132424254 and 9?
9
What is the greatest common divisor of 48 and 4767504?
48
What is the highest common factor of 8364 and 4283967?
123
What is the highest common divisor of 4767 and 526869?
21
What is the greatest common factor of 432411984 and 2160?
144
What is the highest common divisor of 278001 and 407422?
391
Calculate the highest common divisor of 264 and 261825234.
66
What is the greatest common factor of 2426086 and 161?
23
What is the highest common factor of 27459 and 6650502?
339
Calculate the greatest common divisor of 33563135 and 14428.
3607
What is the highest common factor of 44050 and 1685?
5
What is the highest common factor of 336 and 13394792?
8
What is the greatest common divisor of 18269288 and 527?
17
Calculate the greatest common divisor of 434657020 and 5.
5
What is the highest common factor of 35 and 2713130?
35
What is the greatest common divisor of 1151 and 566900879?
1151
Calculate the greatest common divisor of 376052613 and 1654.
827
What is the highest common factor of 9117166 and 9434?
106
What is the greatest common factor of 220 and 1023239085?
55
Calculate the greatest common divisor of 90 and 79388550.
90
What is the highest common divisor of 1395720 and 507887?
3877
Calculate the greatest common divisor of 19371604 and 28.
28
What is the greatest common factor of 460 and 7000010?
10
What is the greatest common factor of 12006 and 111780?
414
Calculate the highest common factor of 85695579 and 18.
9
Calculate the highest common factor of 147611514 and 2395.
479
What is the highest common factor of 313285993 and 37?
37
Calculate the greatest common factor of 4946 and 116747857.
2473
Calculate the highest common factor of 33 and 62913873.
33
What is the greatest common factor of 51546 and 186978?
66
What is the highest common factor of 363785904 and 2916?
324
Calculate the greatest common divisor of 6038910 and 7310.
170
Calculate the highest common factor of 30712 and 19250.
22
Calculate the greatest common divisor of 34000 and 417650.
50
Calculate the greatest common divisor of 61066479 and 38643.
3513
Calculate the greatest common divisor of 38606 and 5435884.
398
What is the greatest common factor of 5986764 and 504?
252
What is the greatest common factor of 4923 and 287722?
547
What is the highest common factor of 16 and 189842?
2
Calculate the highest common factor of 78 and 404597804.
26
What is the greatest common factor of 238 and 1711920?
14
Calculate the greatest common factor of 42040524 and 204.
204
What is the highest common divisor of 112 and 1742168?
8
What is the greatest common divisor of 616 and 4650360?
88
Calculate the highest common factor of 256 and 206128896.
256
What is the highest common factor of 162 and 16402662?
162
Calculate the greatest common divisor of 76069307 and 6503.
929
Calculate the greatest common factor of 25699688 and 560.
56
Calculate the highest common factor of 62202699 and 351.
117
What is the highest common factor of 320 and 5102816?
32
What is the greatest common factor of 80220 and 304770?
30
What is the highest common divisor of 892985400 and 2900?
2900
What is the h